alculate the remainder when -47*(p/3)/1 is divided by g.
11
Let o be 67 + -1 + 2 + 0. Suppose -o = -4*c - 24. Calculate the remainder when 20 is divided by c.
9
Let i = -2 - -7. Let w be 4/(-10) + 62/i. Suppose 4*v - w - 40 = 0. What is the remainder when 24 is divided by v?
11
Suppose c + 5*q - 5 = 0, -2*c - q - 26 = 9. Let n be ((-12)/(-10))/((-3)/c). Let h = n + 14. What is the remainder when h is divided by 8?
6
Suppose -2*c + 6 = c. What is the remainder when (-69)/(-21) - (-4)/(-14) is divided by c?
1
Let c(b) = -b**3 - 4*b**2 + 9*b + 7. Let d be c(-6). Suppose -2*l + 112 = 2*a, 2*l = 4*a + 57 + d. What is the remainder when l is divided by 13?
12
Let n(t) = -2*t**3 - 7*t**2 + 2*t + 5. Let f be n(-5). Suppose 0 = -5*z + 4*m - 9*m + f, -4*z + 2*m = -44. Calculate the remainder when 22 is divided by z.
10
Suppose -2*n - 19 + 0 = -r, -4*n - 42 = 2*r. Let u = -7 - n. Calculate the remainder when 3 is divided by u.
0
Let i be 20/9 + 2/(-9). Suppose 5*l = -10, 5*q + 2*l - 12 - 44 = 0. What is the remainder when q + 0/(i - -1) is divided by 7?
5
Let u(i) = 5*i + 3 - 2*i - 2 + 9*i**2 + 1. What is the remainder when u(-2) is divided by 17?
15
Suppose 4*c = 148 + 72. Calculate the remainder when c is divided by 19.
17
Let g(d) = 3*d**2 - d + 2. What is the remainder when g(4) is divided by 24?
22
Let f = 88 + -64. Calculate the remainder when f is divided by 13.
11
Let k = -29 + 43. Calculate the remainder when 40 is divided by k.
12
Suppose -5*b = -6*b - 5. Let z = b + 8. Let y(f) = -6*f**3 - 2*f**2 + 1. Calculate the remainder when y(-1) is divided by z.
2
Suppose -2*y - 178 = -4*r - 4*y, -74 = -2*r + 4*y. Let z = -18 - -33. What is the remainder when r is divided by z?
13
Suppose -1 + 23 = 2*o. Let w(f) = 3*f - 13. Calculate the remainder when 79 is divided by w(o).
19
Suppose -1 + 3 = -d - r, -5*d - 10 = 3*r. Let p = d - -4. Calculate the remainder when 2 is divided by p.
0
Suppose 0 = -4*a - 4*h + 28, -h = 5*a + h - 44. What is the remainder when a is divided by 6?
4
Suppose 19*c = 25*c - 912. What is the remainder when c is divided by 17?
16
What is the remainder when (6/4)/(27/1278) is divided by 24?
23
Suppose 10*w + 128 = 14*w. Calculate the remainder when 63 is divided by w.
31
Let s = 26 - 11. Let p = -31 + 77. Let l = p - s. Calculate the remainder when l is divided by 11.
9
Let t(x) = -4*x**2 - 2*x - 1. Let q be t(-1). Suppose -3*z - 9 - 3 = 0. Let h = q - z. Calculate the remainder when h is divided by 1.
0
Suppose 4*q - 2*r + 11 = 5*q, -47 = -4*q - 5*r. Let z = -11 + q. Calculate the remainder when 4 is divided by z.
0
Calculate the remainder when 14/(-21) - 262/(-6) is divided by 12.
7
Let l = -1 + 3. Suppose -4*j - 30 = -2*c, 3*j + 29 = l*c - 5. Suppose -2*n = 0, 32 = 4*g + 2*n + n. Calculate the remainder when c is divided by g.
7
Suppose u = -0 + 1. Let p = 2 + u. Suppose 4*i = 2*i + h + 21, -h - 3 = 0. Calculate the remainder when i is divided by p.
0
Let v(h) = 2*h**2 + 4*h + 3. What is the remainder when v(5) is divided by 25?
23
Let n = 12 - 7. Let o(v) = -v**2 + 4*v - 3. Let a be o(2). What is the remainder when (-4)/3*(a + -7) is divided by n?
3
Let f be (-18)/(-4)*10/15. Suppose -5*i + 375 = -4*b, 4*i + 128 = f*b + 427. What is the remainder when i is divided by 24?
23
Let n be (4 + -1)/((-1)/(-3)). Let m = 2 + n. Let p(o) = 2*o**2 + 3*o + 2. Calculate the remainder when m is divided by p(-2).
3
Suppose 4*p - 784 = 2*p + 2*i, -4*i + 1162 = 3*p. What is the remainder when p is divided by 56?
54
Suppose 2*r + z = 27, -5*z = -3*z + 2. What is the remainder when 39 is divided by r?
11
Let l(c) = -c**2 + 9*c + 35. Calculate the remainder when 34 is divided by l(11).
8
Let x = -38 + 65. Let o be (0 - 5/2)*6. Let q = o + x. What is the remainder when 34 is divided by q?
10
Let q be (-5)/(-2)*24/30. Suppose 2*d + 3*o + o - q = 0, o + 10 = d. What is the remainder when d is divided by 3?
1
Calculate the remainder when 31 is divided by -2 - (-7)/((-21)/(-30)).
7
Suppose 3*d = -3*h - 3, -17 = -4*d + 3*h - 0*h. What is the remainder when 3 is divided by d?
1
Let c = -1 + 6. Suppose -c*h + 14 + 1 = 0. What is the remainder when -4*(-3)/(12/7) is divided by h?
1
Let v(m) = m**2 - m + 25. Let x be v(0). Suppose 35 = 3*c - x. Calculate the remainder when c is divided by 7.
6
Let z(q) = 2*q**2 + 3*q + 1. Let t be z(-2). Suppose v - 220 = -t*v. What is the remainder when v is divided by 14?
13
Let w = 12 + 6. Suppose 0*j - j + 107 = 0. Let p = j + -73. Calculate the remainder when p is divided by w.
16
Let u = 37 + -11. What is the remainder when u is divided by 7?
5
Let j = 40 - 1. Calculate the remainder when j is divided by 9.
3
Let i(j) = 3*j + 5. Suppose 0 = 3*d - 4 - 5. What is the remainder when d*2*(-20)/(-6) is divided by i(2)?
9
Suppose 5*d - 8 = 3*p + 7, 0 = -5*d - 5*p + 15. What is the remainder when d is divided by 3?
0
Let f = -3 + 18. Suppose -5*h - f = 5*a, -h + 5 = -4*h - 4*a. Let g(w) = -w**2 - 8*w - 1. Calculate the remainder when 16 is divided by g(h).
4
Calculate the remainder when (-31)/(-9)*3*3 is divided by 22.
9
Suppose x + 3*x - 48 = 0. Let r(l) be the first derivative of -l**4/2 - 2*l**3 + 2*l + 2. Calculate the remainder when r(-4) is divided by x.
10
Let s(c) = 23*c**3 - c**2 + 1. What is the remainder when s(1) is divided by 13?
10
Suppose 4*h - 19 = 2*v + 15, 5*h = -5*v + 80. What is the remainder when 21 is divided by h?
10
Let o(a) = -4*a**3 - 2*a**2 + a - 4. Let r be o(-3). Calculate the remainder when r + (3 + -2 - 2) is divided by 21.
19
Let d = -121 - -128. What is the remainder when 25 is divided by d?
4
Let r = 27 - 13. What is the remainder when 69 is divided by r?
13
Let v = -8 - -5. Let a be 3*v/6*-2. Suppose -a*i + 6*i = 120. What is the remainder when i is divided by 14?
12
Suppose 3*n = 3*h + 342, -449 = -6*n + 2*n - 3*h. What is the remainder when n is divided by 29?
26
Let h(s) = -s**2 + 7*s + 4. What is the remainder when 39 is divided by h(5)?
11
Suppose 3*a - 117 = 2*f, -4*a - f + 96 = -49. What is the remainder when 110 is divided by a?
36
Suppose 5*n - 228 + 58 = 0. Calculate the remainder when 135 is divided by n.
33
Suppose -c = 2*l - 1 + 6, -3*l - c = 5. Suppose -36 = -2*q - l*q. What is the remainder when 53 is divided by q?
17
Let p = -80 - -116. Let g be 6 + 2/(-2) + -3. Suppose 0 = -g*c + 8 + 18. What is the remainder when p is divided by c?
10
Suppose -3*g + g + 6 = 0. Let x = -8 + 8. Suppose 5*u - 2*n - 45 = -3*n, x = u - 4*n - 30. Calculate the remainder when u is divided by g.
1
Let c = 4 + -4. Suppose -u = 4*n + 1, c = -u + 4*u - n - 36. What is the remainder when u is divided by 6?
5
Suppose -3*f + 31 = -4*c, 20 = -5*f + 7*f - 2*c. Calculate the remainder when 53 is divided by f.
8
Suppose 5*w - 2*w = 6. Suppose -w*j - 3 = 5*u + 3, 3*j = 2*u + 10. Let z = j - -19. What is the remainder when z is divided by 11?
10
Suppose -5*g = -g - 12. Suppose 0 - g = -q. Let c(a) = -a**3 - 6*a**2 + 5*a - 3. What is the remainder when c(-7) is divided by q?
2
Let n be 2/(-7) + 37/7. Let y be 58/n*(4 - -1). Let f = y + -30. What is the remainder when f is divided by 15?
13
Suppose 3*v - 86 = v. Suppose -b + 1 = f - 2, -b = -4*f + 2. What is the remainder when v is divided by (2 - -3)/(b/6)?
13
Suppose 5*z = 20, 5*z = -u - 4*u + 75. Let s(v) = 2*v - 5. What is the remainder when s(u) is divided by 10?
7
Suppose -4*p = 4*b + b - 86, -4*b = 8. Suppose 4*u - 22 = 3*u. Let f = u - 9. Calculate the remainder when p is divided by f.
11
Suppose 4*f - 68 = -4*p, 3*p = -p + 3*f + 54. What is the remainder when 44 is divided by p?
14
What is the remainder when 30 is divided by (-2200)/(-180) + (-4)/18?
6
Let o(w) = w**3 + 8*w**2 - 5*w - 5. What is the remainder when o(-8) is divided by 9?
8
Let q be (7/2)/((-1)/(-14)). Calculate the remainder when q/3 - 6/(-9) is divided by 10.
7
Suppose 0*h - 8 = -4*h. Suppose -w - 10 = 4*n - 0, -2 = 2*w + h*n. What is the remainder when 4 is divided by w?
0
Suppose -5*q - 254 = -4*g, q + 110 = 2*g - 20. What is the remainder when g is divided by 17?
15
Suppose -3*g + 5*v + 122 = 0, -3*g - 6*v + 3*v = -114. Suppose 0 = -n - 5. Let r = n + 15. Calculate the remainder when g is divided by r.
9
Let y(s) = 2*s + 1. Calculate the remainder when y(7) is divided by 6.
3
